5 - 2*q**4/3 - 13*q**3/3 - 2*q**2 - 45. Let m be f(-3). What is the greatest common divisor of m and 16?
8
Let v be 40/(-16)*(-2784)/30. Let w be (v*7)/7 + 4. Calculate the highest common factor of w and 177.
59
Let x = -3525 + 3623. What is the highest common divisor of 1694 and x?
14
Suppose -13*h = -12*h + 277. Let u = 278 + h. Calculate the highest common divisor of 2 and u.
1
Let o(s) = -s**3 + 8*s**2 + 2*s - 1. Let m be o(8). Suppose 19*q - m = 14*q - 2*g, -g = 2*q - 6. What is the highest common divisor of q and 24?
3
Let i(u) = -30*u + 403. Let k be i(-13). What is the greatest common divisor of k and 183?
61
Let g = 1288 - 703. Let x = 91 + -26. What is the greatest common divisor of g and x?
65
Suppose 5*u - 19*u + 62 + 162 = 0. Calculate the greatest common divisor of 2384 and u.
16
Let y = -26562 - -26958. Suppose 0*n = 3*n - 132. What is the greatest common factor of y and n?
44
Let i = -3354 + 3672. What is the greatest common divisor of i and 1484?
106
Let i(v) = -14*v + 142. Let c be i(3). What is the highest common factor of c and 2380?
20
Let d(u) = 108*u**2 - 21*u - 145. Let i be d(-5). What is the highest common divisor of i and 420?
140
Suppose 5*k = 4*k + 4. Suppose -3*z - 138 = -4*j - 121, 12 = -3*z + 3*j. Calculate the highest common factor of k and z.
1
Let t(v) = 3*v**2 - 237*v - 618. Let q be t(119). What is the greatest common factor of q and 99?
99
Let n be (0 + (-1)/(-3))*(87 + -72). Let k be ((-14)/8)/(1/(-4)). Suppose 2*i + k + 9 = w, -n*w = 4*i - 94. Calculate the greatest common factor of 144 and w.
18
Let q(i) = -11*i + 2*i**2 - 4*i**2 + 18*i + 6*i - 38 + i**2. Let u be q(7). What is the highest common factor of 128 and u?
4
Let t = 31 + -16. Suppose 20*u = 8*u + 228. Suppose 0 = -2*f + i + 29, 0*f = -f - 4*i + u. What is the highest common divisor of f and t?
15
Let f be 2347 - ((-16)/((-176)/(-33)) + -9). Calculate the highest common factor of f and 21.
7
Let h be 31*6/(-9)*-3. Suppose 0 = -4*m + x + h, -2*m + 20 = 3*x - 18. Suppose 7*p - 10*p = -240. Calculate the highest common divisor of m and p.
16
Let p be 732/4 + (-5)/(-5). Let x = p - 51. What is the greatest common divisor of 38 and x?
19
Suppose 4*o = -3*h + 24, h + 2*h - 2*o - 24 = 0. Let z = 1 + 35. What is the highest common divisor of z and h?
4
Let a(k) = 2*k**2 - 3*k + 3. Let o be a(3). Let t be (-264)/(-14)*(31 - (-1650)/(-60)). Calculate the highest common divisor of t and o.
6
Let v be 0/1 - ((-284 - -2) + 310/31). What is the highest common factor of v and 3400?
136
Suppose 36*f = -0*f. Suppose 5*p - 4*b = 1672, 6*p - 2*p - 4*b - 1336 = f. What is the highest common divisor of p and 32?
16
Suppose -50*y + 20 = -46*y. Let j be 532 + (2 - (3 + y)) + 1. What is the highest common factor of j and 51?
17
Let g(r) be the first derivative of 5*r**2/2 + 3*r - 408. Let n = 5 - 0. Let u be g(n). Calculate the highest common factor of u and 168.
28
Let m(y) = 30*y**2 + 88*y + 56. Let i be m(-7). Calculate the greatest common factor of i and 1950.
130
Suppose -2*t = -5*k - 6*t + 3000, 0 = -k + t + 600. Suppose 11*n + 3*n = 80 + 270. Calculate the highest common divisor of k and n.
25
Let g be 16/(-576)*8 - (-85688)/36. What is the highest common factor of g and 80?
20
Let j = -4351 - -4387. Calculate the highest common factor of j and 66.
6
Let v be 5/(-1) - -13*1. Let o(g) = -3*g - 19. Suppose 40*n + 18 = 38*n. Let r be o(n). Calculate the greatest common divisor of r and v.
8
Let q be (1 - 18/(-6)) + 176. Let h = 85 - 54. Suppose o + 3*w = 48, 0 = -2*o + 3*w + 118 - h. What is the highest common divisor of o and q?
45
Let w(a) = -260*a + 114. Let c be w(-6). Calculate the greatest common divisor of c and 186.
186
Let d be ((-2)/5)/((-128)/5440). What is the greatest common divisor of 6868 and d?
17
Let z = 101 - 99. Suppose 3*l + 5*n - 50 = -2*l, 5*l - 50 = z*n. Suppose c - l*c = -117. What is the highest common factor of c and 65?
13
Suppose -k = -6*k - 2*n + 142, -6*n = k - 62. Calculate the greatest common divisor of k and 2158.
26
Suppose -276*o + 167203 - 30859 = 0. Calculate the highest common divisor of 936 and o.
26
Suppose -3*t - k + 341 = 0, 0 = -2*t + k + 2*k + 231. Let o = t - 77. Calculate the greatest common divisor of o and 592.
37
Suppose 38*q = 33*q + 525. Suppose 5*g - q = -3*x, 4*g + x = -g + 95. Calculate the greatest common factor of 24 and g.
6
Let q(p) = -p**2 - 19*p - 20. Let i be (3 + 1)/(5/(-10)). Let y be q(i). What is the greatest common divisor of y and 17?
17
Let r = -2 + 5. Suppose -r*o + 133 = -83. Suppose 18*q - q = 918. Calculate the highest common factor of q and o.
18
Let j be (-12)/(40/336 - (-3)/(-9)). Suppose 0 = 5*w - 9 - 6. Suppose -w*p + 21 = -4*s, 7 = p + 3*s + s. What is the greatest common divisor of p and j?
7
Let h(n) be the third derivative of n**5/20 - n**4 + 23*n**3/3 - 25*n**2 + 2. Let w be h(7). Calculate the highest common factor of 145 and w.
5
Let w be (2649/(2 + (-52)/24))/((-18)/12). What is the greatest common factor of w and 12?
12
Let y be (-70)/(-6) + 2/6. Let k be ((-14)/(-4))/(7/(1014 + 8)). Let v = k - 451. Calculate the greatest common factor of v and y.
12
Suppose -4096 = -5*l - 1206. Let n = 214 + -180. Calculate the greatest common divisor of l and n.
34
Let o = 573 - 388. Let i(p) = -10*p**2 - 605*p - 295. Let f be i(-60). What is the greatest common divisor of o and f?
5
Suppose -7*f - 3320 = -5*f - 3388. Suppose -3*c + 20 = q - 0*q, -q - c + 18 = 0. What is the highest common divisor of q and f?
17
Let d = -3345 - -7569. What is the highest common factor of 48 and d?
48
Suppose 5*l = 3*k - 130, -2*k - l - 38 + 116 = 0. Calculate the greatest common factor of k and 6440.
40
Suppose -c = 12*m - 13*m + 2607, -5214 = -2*m - 8*c. What is the greatest common factor of m and 33?
33
Let x be (33 + 3611/(-115))*(-4 - -29). Suppose 0 = -2*j - 5*l + 1335, -2*l + 3958 = 5*j + 568. Calculate the highest common divisor of j and x.
40
Let p be 3/(3 + 0)*-6. Let k be (-1 + 43)*(-2)/p. Suppose q - k = 12. Calculate the highest common factor of q and 26.
26
Suppose -5*g + 4*k - 29 = 0, -k - 2*k - 57 = 5*g. Let w(x) = -61*x - 24. Let f be w(g). What is the greatest common factor of 63 and f?
21
Let t(a) = -5*a**3 - a**2 + 2*a - 1. Let x be t(1). Let f be (1231/(-20) + (-9)/(-12))*x. What is the highest common factor of 16 and f?
16
Let s be (-168)/56*(1 - 16*36). Calculate the greatest common divisor of 675 and s.
75
Suppose -9*a + 406492 = 136627. Let z be 1/(-3) + a/45. What is the greatest common divisor of z and 18?
18
Let d be (6/(-14))/(7/(-49)). Suppose -20*k = -3*r - 17*k + 2982, -d*r - 2*k = -2957. What is the highest common divisor of r and 23?
23
Let q be 8*((-10)/4 + 2)/((-103)/824). Suppose 4*b + 4*d = 8, 2*b + b + 5*d - 6 = 0. What is the highest common divisor of q and b?
2
Let f be ((6 - -12) + 0 + 6)*2. Let o = -17 - -29. What is the greatest common divisor of f and o?
12
Suppose -5*b + 77 = -5*g - 38, -b + 4*g + 20 = 0. Let v(n) = -30*n**2 + 210*n. Let o be v(5). Calculate the greatest common factor of o and b.
12
Suppose 3*q + 5*z = 2*q + 16, 5*q = 4*z - 36. Let x = q - -148. Suppose -229 = -d - 2*d - 2*s, -2*d = -3*s - x. What is the greatest common factor of 50 and d?
25
Let z = -151 + 215. Let u be (103 - 1) + 12 + 1 + -3. Let x = u - 96. What is the highest common factor of z and x?
16
Let d be (0 - 16)/(-4*(-8)/(-16)). Suppose -21*q + d*q = -247. Calculate the highest common divisor of q and 95.
19
Let j be (-2)/(-2*(-2)/(-4)). Let i be (-2)/((-3 + -1)/j). Let y be (i + 0)/((-4)/(-12)). What is the greatest common factor of y and 3?
3
Let o = -58 - -26. Let z = -31 - o. Suppose -12 = 3*h - 5*a - 62, 0 = a + z. Calculate the greatest common divisor of 10 and h.
5
Suppose 25*b = 2*r + 24*b - 4718, -2*r + 4712 = 2*b. Calculate the greatest common factor of 36 and r.
18
Suppose 376 = 18*c - 1028. Calculate the highest common divisor of 5304 and c.
78
Let k be (-16)/(-1)*(96/18 - (-100)/(-30)). Calculate the greatest common divisor of 20576 and k.
32
Let g(b) = -553*b + 5542. Let p be g(10). Calculate the greatest common factor of 5664 and p.
12
Let a be 62*((52 - 42) + (-38)/4). Let j be 1/4 + (-22)/(-8). Let d(t) = 6*t**3 - t**2 + 2*t - 4. Let h be d(j). Calculate the hig